/(-8). Let g be (32/(-3))/(1/n). What are the prime factors of (-18)/8*g/(-6)?
2, 3
Let g = -13 - -6. Let v(p) = -p**2. Let b(k) = 2*k**2 - 6*k - 1. Let z(s) = -b(s) - 3*v(s). List the prime factors of z(g).
2
Suppose 2*j = 5*j + 12. Let v(t) = -t**3 - 3*t**2 + 2*t - 3. List the prime factors of v(j).
5
Suppose -8 = -3*c - x + 4, 2*c + 3*x = 8. Let m(j) = -j**2 - j. Let f be m(-2). Let s = f + c. What are the prime factors of s?
2
Suppose 2*d - 60 = 54. What are the prime factors of d?
3, 19
Let u be ((-22)/6)/((-2)/6). Let j = -1 + -7. Let m = u + j. What are the prime factors of m?
3
Let d(z) = -z**2 + 5*z. Let f be d(5). Suppose 0 = 3*u - 4*k - 42 - 7, f = -5*u + 5*k + 75. What are the prime factors of u?
11
What are the prime factors of (-2 - -18)/(3/6)?
2
Suppose -145 = 4*j - 1061. List the prime factors of j.
229
Let i(y) = 3*y**3 + 3 + y**2 - 2*y**2 - y - 4*y**3. List the prime factors of i(-3).
2, 3
Let b(o) = o**2 - 7*o + 6. Let d be b(6). Suppose 4*j + 20 = -d*j. Let z(k) = k**3 + 4*k**2 - 7*k + 2. List the prime factors of z(j).
2, 3
Suppose d - 2*d = -4, 26 = 5*f + 4*d. Suppose -4*g + 42 = -f*b, g + 0*b + 4*b - 6 = 0. What are the prime factors of g?
2, 5
List the prime factors of 138/(-12)*2*-1.
23
Let f(n) = 16*n**2 + 4*n + 10. Let h be f(-8). What are the prime factors of 2/7 - h/(-21)?
2, 3
Let m be 1/(-1*1/3). Let l be 6/(-9)*m/(-2). List the prime factors of l - (-3 + 1 + -1).
2
Suppose 4*h + 3 = -k + 8, -20 = -4*k + 3*h. List the prime factors of k.
5
Let j = -51 - 10. Let p = j + 89. What are the prime factors of p?
2, 7
Suppose -5*r + 7*r = 56. List the prime factors of r.
2, 7
Suppose 0 = -w - 2*t, 3*w - 4*t = -6 - 4. Let n = -5 + w. Let s = n + 14. What are the prime factors of s?
7
Let o(c) = -23*c - 68. List the prime factors of o(-18).
2, 173
Let o(i) = i**3 + 7*i**2 + 8. List the prime factors of o(-7).
2
Let g = -18 + 35. Suppose d + 3*j - j = -g, -d = 4*j + 23. Let q = -6 - d. List the prime factors of q.
5
Let b = -5 + 8. Let x be 43/2 + b/(-6). Suppose -4*i = -p - x, -3*i - 3*p + 35 - 8 = 0. What are the prime factors of i?
2, 3
Suppose -674 = 56*v - 58*v. What are the prime factors of v?
337
Let a = 22 + 78. Suppose -m + a = 3*m. What are the prime factors of m?
5
Let d(l) = 2*l**3 - 6*l + 10*l**2 - 2*l + 12 - 3*l**3 - l. What are the prime factors of d(9)?
2, 3
Suppose 4 = -4*g - 0. List the prime factors of -5 + 3 + g + 6.
3
Let i = 14 - -14. List the prime factors of i.
2, 7
Suppose -5 = -3*q - t, 4*q + 5*t = t + 4. Suppose q*g = 8 - 0. What are the prime factors of g?
2
Let n(p) = 2*p**2 + p - 7. Let l be n(-5). Let c be 2/(-5) - (-28)/(-5). List the prime factors of 3/(-9) - l/c.
2, 3
Let p(x) = 3*x**2 + x - 3. Let k be p(2). Let a = 13 - k. What are the prime factors of a?
2
Let h = 609 - 397. Suppose -h = -3*i - t - 80, -2*i + 4*t = -102. What are the prime factors of i?
3, 5
Suppose 4 = 3*w + 2*y, -5*w + 8 = 5*y + 3. What are the prime factors of w - (-1 + 40/(-2))?
23
Let x be 0/(-2)*(1 + 0). Let q be (-1 - -3) + x + 1. Suppose 0*t = q*c - 3*t - 24, -4*t = 0. What are the prime factors of c?
2
Let v be (-108)/28 - 1/7. List the prime factors of 22 - (2 + v + 5).
19
Suppose 4*z - 2*n = -n - 7, -5*z + 5*n - 20 = 0. Let o be 2/4*(z - -1). Suppose 2*k - 18 = -o*k. List the prime factors of k.
3
Let b = -17 - -26. Suppose 0 = n + 2*h + 2, 5*n + 7*h = 3*h - 10. Let p = n + b. List the prime factors of p.
7
Let a = -9 + 1. List the prime factors of (-52)/2*4/a.
13
Let o(t) be the second derivative of t**4/6 + 4*t**3/3 + 2*t**2 - t. Let x be o(-6). List the prime factors of (2/4)/(2/x).
7
Let d = 223 + -76. List the prime factors of d.
3, 7
Suppose 4*a = -13 + 117. What are the prime factors of a?
2, 13
Let w = 14 - 23. Let l be w/(-12) + (-26)/(-8). Suppose -33 = -2*r + 3*q - l*q, -2*q - 14 = -r. List the prime factors of r.
2
Let a = -3 + 81. What are the prime factors of a?
2, 3, 13
Suppose 0 + 9 = 3*i. Suppose -2*a + i*q + 74 = -21, 2*a = -3*q + 89. What are the prime factors of a?
2, 23
Suppose 0*g + 4*a = -5*g + 1226, -5*g = 5*a - 1230. What are the prime factors of g?
2, 11
Suppose l - 425 = -4*l. What are the prime factors of l?
5, 17
Let u = -1 + 3. Let c(d) = 2*d + 2 + d**3 + d + 5*d**u + 4 + 0*d. What are the prime factors of c(-4)?
2, 5
Suppose -3*l = -l - 4. Let a = 2 - l. Suppose a = 5*m - h - 46, m - 4*m + 5*h + 32 = 0. List the prime factors of m.
3
Suppose 0 = 5*m + 13 - 323. What are the prime factors of m?
2, 31
Suppose -n + 4 = -4*t, 5*t - 38 = -4*n + 20. List the prime factors of n.
2, 3
Suppose 0 = -q + 4*q - 9. Suppose q*n - 2*n = b - 9, -3*b = -n - 17. Let z = b - 1. List the prime factors of z.
3
Let j(l) = l**3 - 5*l**2 - 2*l - 5. Let z be j(4). Let v = z - -53. Let x = v + -15. List the prime factors of x.
3
Let m = 5 + 4. Suppose m*s - 44 = 7*s. What are the prime factors of s?
2, 11
Let s(j) = -2*j + 11. Let d be s(-7). Let r = -17 + 25. Suppose m - r + 3 = 3*i, -i = m - d. What are the prime factors of m?
2, 5
Suppose -y + 4 + 12 = 0. What are the prime factors of y?
2
Suppose -4*i + 33 = -5*f - 0, -5*i + 4*f = -30. Suppose 0 = -2*k - 2*k - j + 4, 2*j = i*k - 12. Let p = k + 0. What are the prime factors of p?
2
What are the prime factors of ((-6)/4)/((9/(-1824))/1)?
2, 19
Let b(h) = -h - 6. Let c be b(-8). Suppose -4*d - 55 = -5*o, 6*o + 4*d = c*o + 80. List the prime factors of o.
3, 5
Let q = -20 - -22. Suppose -5*o + 61 = -3*g + g, q*o - 2*g = 22. List the prime factors of o.
13
Let s = -21 - -38. Let j = -15 + s. What are the prime factors of j?
2
Suppose 0 = -2*i + 6 - 2. Suppose -3*p = -q + 16, i*q + 2*p - 36 = -2*q. What are the prime factors of q?
2, 5
Let j(y) = -y**2 - 10*y + 14. Let o be j(-11). Suppose 3*k - 5*g = 26, 7*k - o*k - 32 = 4*g. What are the prime factors of k?
7
Suppose -5*t - 3*h = -7*h - 174, 0 = t + h - 33. List the prime factors of t.
2, 17
What are the prime factors of (-6)/(-4)*(109 - 1) - -3?
3, 5, 11
Let z(l) = 6*l - 7. Let n be z(2). Suppose n + 45 = 2*u. List the prime factors of u.
5
Let y = -6 + 6. Suppose y*r - 84 = -4*g - 5*r, 0 = -5*r + 20. List the prime factors of g.
2
Suppose 17 = w + 4*z + 3, -25 = 5*z. List the prime factors of w.
2, 17
Suppose -3*b + 28 = 4*s + b, -3*s = -4*b. Suppose s*l + 4 = 0, -6*n + n + 22 = -2*l. List the prime factors of n.
2
Suppose 0 = 2*n + 2*n - 156. List the prime factors of n.
3, 13
Let q(u) = 2*u**2 - 2*u - 2. Let w = 7 - 4. Let o be q(w). Suppose -3*g - o = -r + g, -3*r + 8 = -g. What are the prime factors of r?
2
What are the prime factors of (-2)/((-863)/(-216) + (-4)/1)?
2, 3
What are the prime factors of (-1058)/(-10) - 6/(-30)?
2, 53
Let s(p) be the second derivative of p**5/20 + p**4/2 + p**3/3 + 3*p**2/2 - p. What are the prime factors of s(-4)?
3
Let t = 21 + -36. Suppose 4*p - 54 = 6*p. Let q = t - p. What are the prime factors of q?
2, 3
Let l(t) = t**2 + 7*t + 8. Let p be l(-7). Let z = 12 - p. Suppose -s - z*s - 4*n + 35 = 0, -5*s + 3*n = 0. List the prime factors of s.
3
Let p = 62 + -18. Suppose 0 = -4*a + 3*n + p, 0 = a - 0*n + n - 4. List the prime factors of a.
2
Let h = 1 + -3. Let j(l) = l**3 + 3*l**2 + l + 1. Let o be j(h). Suppose o*k - 1 = 17. What are the prime factors of k?
2, 3
Let t = -2 + 23. Let y = 41 - t. List the prime factors of y.
2, 5
Let y be 5/3 + (-8)/12. Suppose 0 = r + y - 8. List the prime factors of r.
7
Let p = 9 + -17. Let h = 21 + p. What are the prime factors of h?
13
Let f = -4 - -31. Suppose -k - 5 = -f. What are the prime factors of k?
2, 11
Let s(r) = -3*r - 6. Let y be s(-4). Suppose t = -3*a + 4*t + y, 0 = a + t - 8. Suppose 0 = -4*z + a*l + 14, z = 4*z - 3*l - 12. List the prime factors of z.
2, 3
Suppose 2*a = -0*a, 0 = 5*p - 3*a. Suppose 3*c + 7 = 5*s - 3, 4*s - 8 = p. Suppose c = 2*w + 1 - 9. What are the prime factors of w?
2
Let m be (-20)/(-11) + (-6)/(-33). Suppose z - 13 - m = 0. What are the prime factors of ((-12)/(-9))/(2/z)?
2, 5
Let q(u) be the first derivative of u**2/2 + 5*u - 4. Let r be q(0). Suppose -3*w + 16 = 5*x - 2, -w - 34 = -r*x. List the prime factors of x.
2, 3
Let f(j) be the second derivative of -j**3/2 - 7*j**2/2 + 3*j. Let p = 8 - 13. List the prime factors of f(p).
2
Let j(r) = 23*r**3 - 3*r**2 + 4*r - 2. List the prim